ime factors of a?
2, 3
What are the prime factors of (-261)/(-36)*(0 - -4)?
29
Suppose 0 = 3*i - 336 + 84. Let a = i + -20. Suppose 5*u = -l + 58, -5*u + l - 4*l + a = 0. List the prime factors of u.
11
Let r(o) = 17*o + 12. Let d(m) = 162*m + 114. Let k(p) = 5*d(p) - 48*r(p). Let v be k(-4). What are the prime factors of (-2)/(-9) + 140/v?
2
Let d be (0 - 1)/(3/(-9)). Suppose -3*a + 4*q = -53, -29 - 22 = -3*a + d*q. What are the prime factors of a?
3, 5
Let v = 1 - 1. Let m be 4*1/8*16. Suppose h + 3*h - m = v. List the prime factors of h.
2
Suppose -8*r + 9*r = 2. Let y(c) = -5*c - 2. Let i be y(-4). Suppose -i = -r*g - g. What are the prime factors of g?
2, 3
Suppose -15 = -2*b - 5. Suppose 4*r = r + b*n + 64, -2*r + 64 = 2*n. List the prime factors of r.
2, 7
Let z be 18/4 + 3/(-6). Let k be 60/(-14) - z/(-14). What are the prime factors of 1*3*(-1 - k)?
3
Suppose 0 = -4*t + s + 3*s + 12, -4*t + s = -15. Suppose t*m - 120 = -36. Let n = -15 + m. List the prime factors of n.
2, 3
Suppose -5*v = -4*v + 3*l - 3, -4*v - 3*l = -57. What are the prime factors of v?
2, 3
Let a be 4/5*60/8. Suppose x + 3 = a. Suppose 0*v = 4*v + n - 28, -v - x*n = -18. List the prime factors of v.
2, 3
Let f = -53 + 77. What are the prime factors of f?
2, 3
Let w be (-2 - 20/(-8))*36. Suppose -i + w = 5. List the prime factors of i.
13
Suppose -14 = -4*i + 2*i. Let h(s) = -s**2 + 7*s + 10. What are the prime factors of h(i)?
2, 5
List the prime factors of (-26)/39*(-6)/(-8)*-30.
3, 5
Suppose 0 = 7*x - 3*x - 296. What are the prime factors of x?
2, 37
Let l(o) = o**2 - 4. Let s be l(-4). Let w(u) be the third derivative of u**5/60 - 11*u**4/24 + u**3/3 - u**2. What are the prime factors of w(s)?
2, 7
Let t(g) = -17*g + 20. What are the prime factors of t(-4)?
2, 11
Suppose 0 = -4*l - l + 30. Let t be 3/l + 63/2. Suppose 0 = -4*k + 8 + t. What are the prime factors of k?
2, 5
Let j be (-2)/10 + 33/15. Suppose 0 = -4*a + j*a + 16. What are the prime factors of a?
2
What are the prime factors of (-968)/(-33) + 4/6?
2, 3, 5
Suppose -4*x = 2*h - 52, 5*x = 5*h - 167 + 22. What are the prime factors of h?
2, 7
Let m(a) = a + 1. Let g be m(3). Suppose 3*q = g*q - 11. What are the prime factors of q?
11
Suppose -2*j + 36 = -4*n, 4*j + n - 54 = -0*n. What are the prime factors of j?
2, 7
Suppose 4*q - r = 2*q + 16, -q - r = -2. Let m(j) = -j**2 + 6*j - 5. Let z be m(q). List the prime factors of 2/z + (-194)/(-10).
19
Let w be 3/1 - (0 + 3). Suppose w*v + 18 = -v. Let y = v - -31. What are the prime factors of y?
13
Suppose -2*l + 4*l + 9 = 3*i, -10 = -5*i + 5*l. Suppose 2*r - 3*r + i*w - 15 = 0, 4*r - 2*w = 30. What are the prime factors of r?
2, 5
Let h(d) = -d**2 + 3*d + 9. Let s be h(6). Let u(w) = -2*w + 2. Let t be u(4). Let k = t - s. What are the prime factors of k?
3
Let o = -291 + 432. Suppose 0 = -4*m - 33 + o. List the prime factors of m.
3
Let a(z) = 6*z**3 - 3*z**2 + 3*z - 2. Let k(i) = i + 7. Let n be k(-5). Let t be a(n). Let u = t - 24. List the prime factors of u.
2
Let s = 261 - 105. What are the prime factors of s?
2, 3, 13
Let u be 5/(-1 - 9/(-6)). Suppose u*k - 105 = 5*k. What are the prime factors of k/(-14)*(-56)/6?
2, 7
Suppose 0 = -2*g + 13 - 1. Suppose -155 = -5*k - 4*l, -3*k + g*k - 66 = 3*l. Suppose k = 4*z - z. List the prime factors of z.
3
Suppose -4*r + 83 = -13. List the prime factors of r.
2, 3
Let r(z) = -z**2 - 5*z - 4. Suppose 0 = -3*x + 5*x + 6. List the prime factors of r(x).
2
Let y(z) = 5 - 2*z + z + 10. What are the prime factors of y(0)?
3, 5
Suppose -2*i + 324 = -j, 4*j + 535 = 3*i + 44. What are the prime factors of i?
7, 23
Let y(m) = -5*m + 5. Let a be y(-5). Suppose -b - b = -a. List the prime factors of b.
3, 5
Let o = 3 + -4. Let g be 2 - (-3)/3 - o. Suppose 4*r - g = 2*r. What are the prime factors of r?
2
What are the prime factors of (-58 - -1)*(-16)/24?
2, 19
Suppose 0 = -20*s + 15*s. Suppose x + 3*x - 184 = s. What are the prime factors of x?
2, 23
Let y(p) = 4*p + 4. Let m be y(-3). Let n = m + 9. Let g = n - -5. List the prime factors of g.
2, 3
Let i = -15 + 4. What are the prime factors of (0 - 2)*i/2?
11
Let k(u) = -8*u**2 + 4*u**2 + 5*u + 3 + 4*u**2 + 2*u**2. List the prime factors of k(-4).
3, 5
Suppose 2*h - 36 = -0*h. List the prime factors of 11/3 - 12/h.
3
Let m be -1 + 0 - 18/1. Let o = 56 + m. What are the prime factors of o?
37
Let n = 24 + -64. List the prime factors of 10/15 - n/3.
2, 7
Suppose -23 = 5*l - 98. Let f = l - 12. What are the prime factors of f?
3
Let b(z) = -4*z + 325. What are the prime factors of b(0)?
5, 13
Let z(k) be the third derivative of -k**4/12 + k**3/6 + 2*k**2. Let o be z(2). List the prime factors of (-5 - -1*2)*o.
3
Let q(x) = x**3 + 6*x**2 - 2*x - 9. Let l be q(-6). Suppose 6 = y - r, r = 1 + l. What are the prime factors of y?
2, 5
Let a(g) = 4*g + 5. What are the prime factors of a(6)?
29
Let g(z) = -z**2 - 4*z + 2. Let x be 12/(-16)*(5 - 1). Let h be g(x). Let l(v) = -v**2 + 6*v - 1. What are the prime factors of l(h)?
2
Let m(o) = -o. Let x be m(2). What are the prime factors of (44/8)/(x/(-4))?
11
Suppose -2*x - 4*k = -7*k - 12, -4*k - 16 = 0. Suppose 4*l + x = 12. Suppose -q = -l*q + 20. List the prime factors of q.
2, 5
Suppose 2*o + 17 = -5*r, -3*o - 2*r + 0*r + 2 = 0. Suppose -o*g + 10 = -n - 33, g - 4*n = 22. Suppose g = -b + 3*b. List the prime factors of b.
5
List the prime factors of (-1 - 2 - -1 - 1) + 61.
2, 29
Let a = -22 + 36. Let v = a + -5. What are the prime factors of v?
3
Let v = -5 + 5. Suppose 4*i + v = 16. Suppose -5 = -5*p - u, -p + u + 11 = i. What are the prime factors of p?
2
Let s(y) = 36*y**2 + 2*y - 1. List the prime factors of s(1).
37
What are the prime factors of 10/(-5)*14*-1?
2, 7
Suppose -4*r = 4*b - 32, 4*r - 23 = -5*b + 13. Let z be -34*((-10)/b - -2). Suppose -4*d + z = -15. What are the prime factors of d?
2
Let a = -8 - -7. Let r = a - -3. What are the prime factors of r?
2
Suppose 5*q + 0 - 10 = 0. Let r(n) = n**3 - 4*n**2 - 3*n - 4. Let i be r(5). Suppose q*a = 3*w + i*a + 4, 4 = 4*w + 3*a. List the prime factors of w.
2
Suppose -5*k - 30 = -0*k. List the prime factors of k/(-3) + 10 + 0.
2, 3
Let x be (-2 + -2)/(-2) - 0. Suppose 3*n - 9 = x*n. List the prime factors of n.
3
Let y = 14 - -11. What are the prime factors of y?
5
Suppose -5*z = -y - 486, 3*y + 93 + 287 = 4*z. What are the prime factors of z?
2, 7
Let z be 1*2/4*8. Suppose -5*a - 156 = -z*r, -4*r + 4 + 124 = 2*a. List the prime factors of r.
2, 17
Let g(a) = a**2 + 5*a + 3. Let i be g(-5). Suppose -4*k + i*k + 28 = 0. What are the prime factors of k?
2, 7
Let o be 2 + 1 + (0 - 1). Suppose -z + o*z = 0. Suppose -4*u + z*u = -64. List the prime factors of u.
2
Let r(w) = 5*w - 1. Let g be r(-2). Let o = 20 + g. Let j(z) = -z**3 + 10*z**2 - 9*z + 9. List the prime factors of j(o).
3
Suppose -5*y + 0 = -5, 5*j + 70 = -5*y. What are the prime factors of (9/(-4))/(j/40)?
2, 3
Suppose j - 2 = -0*j + 2*g, -3*j - 4 = 4*g. Let r(i) = -1. Let c(d) = d - 8. Let s(w) = -c(w) + 3*r(w). List the prime factors of s(j).
5
Suppose -3*r + 90 = m, 15*m - 11*m - 3*r - 435 = 0. What are the prime factors of m?
3, 5, 7
Let u be (2*-1)/(1/(-2)). Let k = 0 + u. Suppose 38 = 3*y + 2*b, y + k*b = -0 + 26. List the prime factors of y.
2, 5
Let r(t) = 10*t**2 + 2*t - 10. Let z(w) = w**2 - 1. Let g(c) = r(c) - 8*z(c). Let o be g(-4). Suppose 0 = 4*b - 14 - o. List the prime factors of b.
3
What are the prime factors of 96/2 + (-34)/17?
2, 23
Let x(u) = 14 + 12 - 4 + u - 4. What are the prime factors of x(-8)?
2, 5
Suppose 4*o + 3*a = 37 - 14, -5*a = -5*o - 15. Suppose -27 = -3*x + o*x. Suppose -4*t + 5*t - 3 = 5*h, -3*t + x = 3*h. List the prime factors of t.
2
Suppose 5*s - 24 = q, 17 = 3*s + q + q. List the prime factors of s.
5
List the prime factors of ((-5)/(-10) - 3)*-10.
5
Let r be (-1 + 0)/(4/(-240)). Suppose 9*f - 5*f - r = 0. What are the prime factors of f?
3, 5
Let z(s) = -s - 14. Let l be z(-11). Let j be 5 + (l - 0) + 3. What are the prime factors of -1 + (-5)/(j/(-14))?
13
Let k = 29 + -6. What are the prime factors of k?
23
Let w(f) = 2*f + 7. What are the prime factors of w(11)?
29
Let s(z) = 2*z + 6. Let j be s(-7). List the prime factors of (-406)/(-56) + (-6)/j.
2
Let w be 